housands digit of u(-5)?
3
Suppose 0 = -z + 3. Suppose -11 = -4*m - z. Suppose 0 = -3*l + m*g + 113, 3*l + l = -g + 169. What is the tens digit of l?
4
Let h(z) be the third derivative of z**4/12 + 34*z**3/3 + 3*z**2 - 8. What is the units digit of h(-10)?
8
Let r(p) = -2*p**3 + 7*p**2 + 14*p + 35. What is the thousands digit of r(-8)?
1
Suppose 6*w = 8*w - 10. Let p(z) = -2*z - 4. Let h be p(-4). Suppose -325 = -w*o - 5*v, -2*v = -h*o + 2*v + 228. What is the units digit of o?
1
Let g be (-6 - 168/(-32))/((-6)/16). Suppose -k = k - g*p - 244, -3*k + 350 = p. What is the hundreds digit of k?
1
Let c be (2*35/(-42))/(10/(-12)). What is the hundreds digit of 4*(-1805)/(-35) + c/(-7)?
2
Suppose 2*o - 12*u = -17*u + 5, o - u + 1 = 0. Suppose o = -5*z - 10, -5*d - 3*z + 1338 + 671 = 0. What is the hundreds digit of d?
4
Let z(x) = -10*x + 3. Let s be z(1). Let o(d) = -d**2 - 5*d + 16. Let f be o(s). Suppose 6 = f*k - 12. What is the units digit of k?
9
Suppose 2*w = 3*n + 27612, 10*n = 5*w + 7*n - 69012. What is the thousands digit of w?
3
Let r(p) = 21*p - 74. Let y(q) = 4*q - 15. Let f(x) = 2*r(x) - 11*y(x). Let b be f(6). Suppose -4*c + 198 = -b*j, 4 = -4*j - 4. What is the units digit of c?
7
Let n(f) = f**3 + 17*f**2 - 12*f + 6. Suppose 9*w = 11*w + 34. What is the tens digit of n(w)?
1
Let s = 1064 + -622. What is the hundreds digit of s?
4
Let b(t) = -t**2 + 23*t + 16. Let d be b(15). Suppose 3*c - d = -2*l, 5*l - 321 = c + c. What is the units digit of 26/l - (-98)/5?
0
Let q(y) = 2*y**3 - 4*y**2 + 3*y + 9. Let m be q(6). Suppose -m = 37*h - 40*h. Let x = h + -68. What is the units digit of x?
7
Suppose -7*c + 4 - 46 = 0. What is the tens digit of (-10720)/(-30) - ((-8)/c + -2)?
5
Suppose -19046 = -2*y + 4920. Suppose y = 21*u + 2*u. What is the tens digit of u?
2
Let q(w) be the second derivative of -w**4/4 + 56*w**3/3 - 9*w**2 - 32*w. What is the units digit of q(32)?
4
Suppose 6*n - 5*b = n - 515, 4*n = -5*b - 448. Let w = 334 + n. Let f = -120 + w. What is the units digit of f?
7
What is the thousands digit of (289 - (-57 + 110))*237/2?
7
Suppose 0 = -m + 5*y + 760, 13*y - 9*y = 3*m - 2324. Suppose 4*l = w + m, w + 3 = -1. What is the units digit of l?
4
Let a = 300 + -298. Suppose -3*n + p + 1300 = 0, 170 + 696 = a*n - p. What is the units digit of n?
4
Let h(u) = -147*u - 8. Let c be (-25)/(-1 + 6) - -2. Let p be h(c). Suppose k + p = 3*v + 6*k, 2*v + k - 298 = 0. What is the hundreds digit of v?
1
Let g = 357 + -299. Suppose t + 2*p = -10, -3*t - 4*p - 30 + 10 = 0. Let v = g + t. What is the units digit of v?
8
What is the units digit of (-47)/517*-33 + 23*1723?
2
Let x = 3110 - -12721. What is the tens digit of x?
3
Let k(y) = -14*y - 2. Let a be k(-1). Suppose 15*t = a*t + 2256. Suppose 5*q - 810 = j + 106, 4*q - t = -4*j. What is the tens digit of q?
8
Let u(c) = 2*c**3 - 4*c**2 + c + 6. Let v be u(-5). Let p = 146 + v. Let m = -118 - p. What is the units digit of m?
5
Suppose -34*c + 3814116 = 12*c + 47*c. What is the thousands digit of c?
1
Let d = 1992 + -1404. What is the units digit of (d/10)/(333/(-180) - -2)?
2
Suppose 0 = -4*x + 4*a + 60915 + 22993, 0 = 4*x + 5*a - 83908. What is the hundreds digit of x?
9
Let u(p) = 3*p**2 - 34*p - 24. Let h be u(12). Suppose 7*b - 11*b - 16 = h, 2*b + 5780 = 4*v. What is the thousands digit of v?
1
Let q(i) be the first derivative of -11*i**3/6 + 11*i**2/2 + 20*i - 5. Let l(s) be the first derivative of q(s). What is the tens digit of l(-5)?
6
Let b = 383 - 191. Suppose 7*o + o = -b. What is the units digit of (-3 + 0)*-214*(-4)/o?
7
Suppose 0 = 156*a - 13*a - 2776202. What is the hundreds digit of a?
4
Suppose 2*a + 43034 = 4*x, -a = -5*x + 18509 + 35279. What is the hundreds digit of x?
7
Suppose -7*x = 3*x + 10. Let m(w) = -4*w - 41*w + 5*w + 3. What is the tens digit of m(x)?
4
Suppose 0 = 2*j + 4*d - 8, 0 = -5*j - 3*d + 22 - 2. Suppose -f - 2332 = -2*q, -j*q = q + 3*f - 5819. Suppose 5*u + q = 10*u. What is the tens digit of u?
3
Suppose 60483 = 2*v - 27*b + 32*b, -b = -5*v + 151302. What is the ten thousands digit of v?
3
Let t = 8720 - 4749. What is the units digit of t?
1
Let g(w) = -8*w**2 + 59*w - 2. Let o be g(7). Suppose -o*n + 15*n = -748. What is the hundreds digit of n?
1
Let a(u) = -5805*u - 2869. What is the ten thousands digit of a(-4)?
2
Suppose 0 = -4*m - 3*o - 9, 5*m - 4*o + o - 9 = 0. Suppose m = 5*b - 5 - 20. Suppose -62 = -b*r + 38. What is the units digit of r?
0
Let n be 335/35 - (-3)/7. Let b be ((-4)/(-5))/(n/25). Suppose 223 = r + b*r - 4*p, -5*p - 5 = 0. What is the tens digit of r?
7
Let w = -2495 - -2722. What is the tens digit of w?
2
Let f(w) = 2*w**3 + 19*w**2 + 24*w - 323. What is the units digit of f(14)?
5
Let t(h) = 16*h**2 - 72*h - 84. What is the tens digit of t(22)?
7
Let m(z) = -z**3 + 5*z**2 - 6*z + 2. Let t be (1 + -2)*5/(10/(-6)). Let g be m(t). Suppose -v - g*v = -75. What is the units digit of v?
5
Let m(n) = -34 + 34 + 18*n + 79*n - 2 - 39. What is the thousands digit of m(11)?
1
Let l = -382 + 398. What is the units digit of 14478/90 + l/120?
1
Let c(z) = z**2 + 5*z - 83. Let v be c(5). Let a(i) = 4*i**2 + 108*i - 65. What is the tens digit of a(v)?
2
Suppose r + 2*r = -3*b - 21, 0 = b - 3*r - 1. Let i = 5 - b. Suppose 3*j - 8 = i. What is the units digit of j?
6
Suppose -2*q - 3*h = -25, -6*h + 40 = 3*q - h. Suppose -2691 = -q*p - i, 533 = -5*p + 6*p - 5*i. What is the tens digit of p?
3
What is the units digit of ((-51)/(-5))/((-69)/1360 + (-7)/(-112))?
7
Let f(y) = -y**3 - 25*y**2 - 35*y - 80. Let s be f(-24). Let l = s - 32. What is the tens digit of l?
5
Let x be -7 + 7 + -2 + 137. Suppose -x*g + 139*g = 20. Let r(c) = 10*c**2 - 8*c + 42. What is the units digit of r(g)?
2
Let x = -456 - -566. Suppose 2*o + 8*o = x. What is the tens digit of o?
1
Let n(m) be the second derivative of -m**4/12 - 79*m**3/6 - 11*m**2 + 145*m. What is the units digit of n(-14)?
8
Suppose 4*z - 32 = -6*x + x, -z - 9 = -3*x. Suppose 5*u = b + 512, u + x*b - 109 = 2*b. What is the units digit of u?
3
Suppose 124 = -4*k + 2*c, 2*c - 7*c - 138 = 4*k. Let y(q) = 223*q + 702. Let d be y(-4). Let o = k - d. What is the tens digit of o?
5
Suppose -26 = c - 0. Let u(i) = -2*i - 49. Let p be u(c). What is the units digit of (-11 + -3)*2/((-6)/p)?
4
Let c(t) = -t**2 - 46*t + 88. Suppose 3*q + 22 = -89. What is the hundreds digit of c(q)?
4
Let y be (-154)/(-49) - 2/14. Suppose -4*g - 4*c = -1292, -3*g - 315 = -4*g + 3*c. Suppose y*k = -111 + g. What is the units digit of k?
0
Let u = -1944 + 1385. Let s = 796 + u. What is the tens digit of s?
3
Suppose -15 - 6 = -4*s - 5*l, 2*l = s - 2. Suppose m - 2*y = 3*y + 563, 0 = s*m + 5*y - 2177. What is the hundreds digit of m?
5
Let w(o) = o**3 + 7*o**2 + 8*o + 7. Let k be w(-5). Suppose -k*x + 27*x = 40. What is the hundreds digit of 0 + 114 + (9 - x)?
1
Let v(z) = -2*z - 14. Let h be v(-8). Let r be (-404)/h*(-25)/50. Let p = 234 - r. What is the hundreds digit of p?
1
Suppose 0 = 5*q + 3*y + 12, -3*y - 20 = 2*y. Let n be ((-2)/(-11) - 2/11) + q. Suppose -3*g + 6*g - 264 = n. What is the units digit of g?
8
Suppose -5*u - 1962 = 2*p - 24692, 4*u - 56876 = -5*p. What is the tens digit of p?
8
Let c(x) = -9*x**3 + 2*x**2 - 6*x - 32. Let y = 16 + -20. What is the tens digit of c(y)?
0
Let n = -157 - 299. Let q = 498 + n. What is the tens digit of q?
4
Let d(b) = 817*b**2 - 49*b + 18. What is the thousands digit of d(-3)?
7
Let u be 6/(-1)*(-3)/6. Suppose -9 = -u*j, -j + 28 = 2*d + 3*d. Suppose 3*q + 0*z - z - 701 = 0, 4*q + d*z = 941. What is the tens digit of q?
3
What is the tens digit of ((-477)/(-12))/((-195)/(-26260))?
5
Suppose 2*s - 10638 = -3*g, -3*g + 5*s + 10638 = 10*s. What is the units digit of g?
6
Let y(d) = 159*d - 31. What is the tens digit of y(5)?
6
Let r(u) = 3*u**3 - 17*u**2 - 191*u - 127. What is the ten thousands digit of r(25)?
3
Let z(w) = 12306*w - 4693. What is the units digit of z(4)?
1
Suppose -109*v - 365912 + 5176082 = 0. What is the ten thousands digit of v?
4
Let i(u) = -16*u + 6. Let k be i(1). Suppose -3*g + 27 = -6*g. What is the units digit of (-18)/k + g/(-45)?
2
Let c = -25011 + 38260. What is the hundreds digit of c?
2
Let o(x) = -x**2 + 14*x + 37. Let w be o(16). Suppose -226 = w*l